t x(o) = 7*o - 8. Let h(b) = n*x(b) - 6*w(b). Determine h(0).
-2
Let r(x) = x**3 + x**2 - 3*x - 3. Let k = 2 - -2. Suppose k*c - 4 = 12. Suppose 5 = c*y + 13. Calculate r(y).
-1
Let g be (-3)/(-1)*2 + -3. Let k(q) = -4*q**g + 7*q**3 + 1 + 4*q**2 + 2*q - 2*q**3. Let b be (3/2)/(1/(-2)). Give k(b).
4
Let i be (-2)/(-3)*(-9)/(-6). Let o(f) = 19 - 11 - 15*f - 7 + 10*f. Give o(i).
-4
Let b(d) = -18*d**3 - 8*d**2 - 6*d - 5. Let y(f) = -f**3 - f**2 - f - 1. Let v(t) = b(t) - 6*y(t). Give v(1).
-13
Let z be (0 - (3 + 0))*1. Let a(y) be the third derivative of -y**5/60 - y**4/12 + 2*y**3/3 + 2*y**2. Calculate a(z).
1
Suppose 0 = 3*j - i + 6*i - 26, -j = -5*i - 2. Let b(z) = 5*z - 6*z + j*z + 3*z. Determine b(-1).
-9
Let k(y) = 8*y**3 - y**2 + 4*y. Let j(f) = -16*f**3 + f**2 - 7*f. Let t(s) = 3*j(s) + 5*k(s). Calculate t(-1).
7
Let k = 8 - 5. Suppose -r = -3*y + 4, -k*r + y - 2*y = -8. Let g(m) = -m**r - m**3 + 2*m**2 - 1 + m**2. Give g(1).
0
Suppose 20 = 2*v + 2*v. Suppose -v*k + 10 = -5*i, 32 = -3*i - 4*k + 5. Let u(o) be the second derivative of -o**4/12 - o**3 + 2*o**2 - 4*o. Calculate u(i).
9
Let f(o) be the second derivative of -o**4/12 - 5*o**3/6 - 7*o**2/2 - 18*o. Give f(-6).
-13
Suppose 0 = z - 6*z, -4*z - 6 = -m. Let g(r) = r**2 - 3*r - 3. Give g(m).
15
Let i = 68 - 71. Let b(m) = 2 - 2 + 4 + 3*m. Calculate b(i).
-5
Let v(t) be the second derivative of -t**4/6 - t**3/6 + 3*t**2/2 - 23*t. Calculate v(-3).
-12
Let b(i) = -4*i - i + 0*i - 2. Let o(j) = j - 11. Let k(n) = -10*n - 1. Let l be k(-1). Let c be o(l). What is b(c)?
8
Let a(n) = n**2 - 3*n + 3. Suppose 0 = -0*c - c - 2. Let x be 1*2*(-1 - c). Give a(x).
1
Let u(d) = -16*d - 17*d + 9 + 35*d. What is u(-8)?
-7
Let y(a) be the first derivative of a**2 - 3*a + 1. Let j(d) = d - 2. Let p(o) = 3*j(o) - 2*y(o). Let w(u) = 3*u. Let l(k) = -7*p(k) - 2*w(k). Determine l(1).
1
Let w(s) be the first derivative of s**2 - s + 11. Give w(-5).
-11
Suppose 8*f = 6*f - 2*p, -3*f + p = 0. Let i(o) = -o**3 - 3. Determine i(f).
-3
Let c(z) be the second derivative of z**5/20 + z**4/12 - 2*z**3/3 + 7*z. Give c(-3).
-6
Suppose 6*d - 40 = 2*d. Let r(u) = u - d + 2 + 2. Calculate r(0).
-6
Suppose 42 = 10*v + 4*v. Let k(y) = y**3 + 2*y**2 - 5*y + 2. What is k(v)?
32
Let f = -8 + 6. Let z be (f - -2)/(0 - 1). Let w(k) = k**3 - k**2 + 4*k**2 + z*k + k. What is w(-2)?
2
Let w(x) = -11*x**3 + 5 + 4*x + 0 + 0*x**2 + 10*x**3 + 5*x**2. What is w(6)?
-7
Let w(l) = -10 + 7*l**2 - 7*l + 7*l**2 - 15*l**2. What is w(-8)?
-18
Suppose -18 = -7*x - 4. Let z(i) = -i**3 + i**2 + i. Calculate z(x).
-2
Let j(t) be the second derivative of t**4/12 + t. Suppose 0 = -5*d + 20, 4*y - 5*d = -0*y - 16. Calculate j(y).
1
Let x(b) = -8*b**2 + 25*b**2 - 2*b**2 + 1 - 3*b**2 - 2*b. Give x(1).
11
Let g(f) be the second derivative of -f**5/20 + 3*f**4/4 - f**3/6 + 13*f**2/2 - 3*f. Let o be g(9). Let u(i) = -i**2 + i + 3. Calculate u(o).
-9
Let u(y) = -y**3 + 3*y**2 - 3. Suppose 0 = w + 18 - 21. Calculate u(w).
-3
Let f(p) be the first derivative of p**3/3 - 2*p**2 - 6*p + 10. Determine f(6).
6
Let t(s) = -2*s + 4*s + 4*s + 4 - 4*s. Let v(a) be the first derivative of a**3/3 + 3*a**2/2 - 4*a - 4. Let r be v(-3). What is t(r)?
-4
Let u be 4/(-6)*(1 + 2). Let j(d) = 12*d**2 - 4*d**2 - 2*d - 5*d**2 + 1 - 4*d**2. Determine j(u).
1
Let j(a) = -a**3 - 3*a**2 + 4*a + 4. Let f = -7 - -2. Let q = f - -1. Calculate j(q).
4
Suppose 0 = -0*s - 4*s - 4. Suppose 0 = -4*x - 3*t + 47, 3*x - 3*t = -x + 17. Let l be 1/(s + x/10). Let w(j) = -j**2 - 5*j - 7. What is w(l)?
-7
Let k(j) = -j - 3. Suppose 3*z = 7*z - 24. Calculate k(z).
-9
Let o(f) be the second derivative of f**7/2520 - f**6/144 + f**5/60 + f**4/6 + 7*f. Let n(l) be the third derivative of o(l). Determine n(5).
2
Let d(y) = y**3 - 5*y**2 + 3*y + 4. Let t be d(4). Let z = t - 0. Let u(b) = 3*b + b**2 - 2 - 2 + z. Give u(-4).
0
Let h = 8 - 2. Let n = 6 + -4. Let v(o) = o**2 - h - 2 + o + n*o + 3. What is v(-5)?
5
Let v(m) = -3*m - 10. Let l(t) = t + 3. Let z(h) = -7*l(h) - 2*v(h). What is z(0)?
-1
Let g(n) = 2*n - 3*n**3 + 1 - n + 9*n**3. What is g(-1)?
-6
Let u(x) = -9*x + 9. Let o(s) = -2*s + 2. Let j(m) = 26*o(m) - 6*u(m). Give j(-3).
-8
Let u(p) = -3 + 0 + 3*p - 2*p. Let m be 1/(-3) - 14/3. Calculate u(m).
-8
Let g = -15 - -10. Let i(p) = 5 + 5*p + 2*p**2 + 0*p**2 - p**2. Give i(g).
5
Suppose 2*m = -t + 2*t + 9, -5*t = m + 23. Let x(r) = -r - 1. Give x(m).
-3
Suppose -3*r = 3 - 51. Let o(s) = s**2 - 2*s - 1. Let n be o(3). Suppose -2 + 26 = 5*h - 2*m, 4*m = n*h - r. Let d(c) = -c**3 + 4*c**2 + c + 2. Give d(h).
6
Let a(m) = -2*m. Let b = -3 - 0. Determine a(b).
6
Let j(d) = 6*d - d**2 - 130 - d**3 - 2*d**2 + 134. Calculate j(-4).
-4
Let v(w) = -w**3 + 3*w**2 - 3*w + 1. Suppose -1 = -2*b + 3. Calculate v(b).
-1
Let u = -60 + 61. Let k(a) = 5*a**2 + 2*a - 1. Determine k(u).
6
Let f(m) = m**2 - 5*m + 6. Let y(s) = -2*s**2 + 10*s - 12. Let v(h) = -h**3 + 10*h**2 + 9. Let z be v(10). Let k(i) = z*f(i) + 4*y(i). Determine k(5).
6
Let v(g) = -g**2 + 2*g + 1. Let w(n) = n**3 - 2*n**2 - 7. Let m be w(3). Give v(m).
1
Let u(p) = -p - 6. Let y be (-1 - 2 - (-28)/8)*-10. Calculate u(y).
-1
Let b(k) = k**3 - 6*k**2 - 2*k + 9. Let h = -6 - -12. Let z be 4 + 3/h*4. Determine b(z).
-3
Let j(p) be the first derivative of -p**4/4 - 10*p**3/3 - 9*p**2/2 - 5*p - 22. Give j(-9).
-5
Let k(g) be the second derivative of -g**5/20 - g**4/3 + g**3/3 + 3*g**2/2 - 6*g. What is k(-2)?
-9
Let h be 224/(-35) + 2/5. Let t(i) = -i**3 - 6*i**2 + i + 1. What is t(h)?
-5
Let j(r) = r**3 - 3*r**2 - r - 1. Suppose 4*h = -5*o - 6, -2*o - 5 = -0*o - h. Let t(f) = -4*f**3 + 13*f**2 + 5*f + 5. Let l(i) = o*t(i) - 9*j(i). What is l(0)?
-1
Suppose -p + h = 0, 4*p - 3*p - 5*h = 0. Let r(m) = -5*m**2 - 2*m - 7. Let s(d) = -7*d**2 - 3*d - 8. Let w(y) = 3*r(y) - 2*s(y). Give w(p).
-5
Let o be (-1 + 2 + -2)*-6. Suppose 3*s = o, -2*s + 8 = -4*a - 0*s. Let h(m) = 7*m**2 - 1. Give h(a).
6
Let m(k) = k**2 - 6*k + 7. Suppose -4*l + 7*x + 35 = 4*x, 4*x = -2*l - 10. Give m(l).
2
Let y(p) = 14*p + 20. Let d(v) = 5*v + 7. Let j(s) = 17*d(s) - 6*y(s). Suppose 25 = 2*n + 3*n. Suppose -27 + 2 = n*r. Give j(r).
-6
Let h be 2 + (-2)/(3 - 2). Let a(k) be the third derivative of k**7/5040 - k**6/240 + k**5/12 - k**2. Let r(y) be the third derivative of a(y). Calculate r(h).
-3
Let k(z) be the second derivative of 9/2*z**2 + 2*z + 1/6*z**3 + 0. Determine k(-6).
3
Let y(b) = 4*b + 10. Let z(o) = 3*o + 11. Let k(n) = 2*y(n) - 3*z(n). Determine k(0).
-13
Let z be -6 - (((-4)/(-4) - 4) + 1). Let r(t) = 1 - 4 + 0 - 2*t. What is r(z)?
5
Let w(b) = 2*b - 6. Let p(y) = y**3 + 4*y**2 - y. Let c(k) = k**3 - 5*k**2 - 2*k + 6. Let m be c(5). Let a be p(m). Determine w(a).
2
Let w(y) = -y**2 - y + 2. Let v(c) = -c. Let h(s) = -2*v(s) + w(s). Let t = 76 - 78. Give h(t).
-4
Let r(t) = 5*t**2 + 20*t + 21. Let v(f) = -2*f**2 - 7*f - 7. Let j(b) = 3*r(b) + 8*v(b). Determine j(5).
2
Let i(j) = 4*j**2 + 2*j - 1. Let v(g) = g. Let a(w) = i(w) - 2*v(w). Determine a(-1).
3
Let m be (-1)/(1/(-3)) + -3. Let c(l) = m*l - 2*l - 8 + l. Suppose 0 = 3*i + 4*u, -u - 4*u = 4*i. Determine c(i).
-8
Let g(o) = 2 - 5*o**2 + 3*o**2 + 3*o**2 - 4*o. Let w(r) = -r + 10. Let k be w(10). Suppose 3*m + 5*s - 1 = k, 3*m - 5*m + 4*s + 8 = 0. What is g(m)?
-2
Let i(f) = 6*f - 1. Let k(j) = 30*j - 6. Let q(a) = 11*i(a) - 2*k(a). Give q(1).
7
Let f(u) = -12 + 10*u - 16 + 31. Calculate f(-2).
-17
Let p(w) = -9*w**2 + w + 1. Let n = 16 + -6. Let g be 6/(-10) - 4/n. Calculate p(g).
-9
Let u be 2/10 - (-84)/280. Let y(t) be the first derivative of u*t**2 - t + 4. Calculate y(-2).
-3
Let s(k) = 6*k - 5. Suppose -2*r + 18 = -0*r. Let a(q) = -3*q + 2. Let m(v) = r*a(v) + 4*s(v). Determine m(-3).
7
Let w(y) = -3*y + 25. Let o(v) = -v + 12. Let t(b) = 5*o(b) - 2*w(b). Let i be ((-4)/(-3))/((-9)/135). Let p = i - -20. What is t(p)?
10
Let m(v) = -5*v - 3. Suppose 5*h = -s - 12 - 3, 4*h + 5*s + 12 = 0. What is m(h)?
12
Let q(d) = -9*d**2 + 2*d + 3. Let i(t) = 10*t**2 - 3*t - 4. Let v(c) = 3*i(c) + 4*q(c). What is v(1)?
-7
Let s(o) = 3*o + 25. Let u be s(-10). Let c(w) = -w**3 - 6*w**2 - 4*w - 5. What is c(u)?
-10
Suppose 4*p - p = 30. Suppose 4*b = 2*b + p. Let l(r) = b*r**3 - 5*r**2 + r**2 - 4*r**3. What is l(4)?
